6, what is -22105 + -1421010?
-1443115
In base 8, what is 56216 + 13345?
71563
In base 11, what is 1258059 - 52?
1258007
In base 7, what is 40 + 5451655?
5452025
In base 9, what is 5 - -6713644?
6713650
In base 16, what is -d - -48b6103?
48b60f6
In base 8, what is -14716570 - -11?
-14716557
In base 14, what is 1b668 - 44c?
1b21a
In base 13, what is 60c9 + -3c4?
5a05
In base 16, what is 20 + 632ff?
6331f
In base 9, what is -32 - -2085685?
2085653
In base 14, what is -c1 + -1522db?
-1523bc
In base 11, what is 920 + -19295?
-18475
In base 9, what is 252 - -43557?
43820
In base 8, what is -22047 - -1051?
-20776
In base 11, what is -12 + -584607?
-584619
In base 4, what is 111112010321130 - -1?
111112010321131
In base 9, what is -13 + 82031771?
82031757
In base 5, what is -10211202 + 2221?
-10203431
In base 15, what is 481 + 33d73?
34304
In base 8, what is 425037434 - -5?
425037441
In base 4, what is -10332 - -101122221?
101111223
In base 9, what is -17445520 + 5?
-17445514
In base 2, what is 1010011010 - -10010000010?
11100011100
In base 10, what is -244164573 - 0?
-244164573
In base 7, what is 13 - -3315135?
3315151
In base 3, what is -1212122000000110 + -10?
-1212122000000120
In base 4, what is -2 - 200101000211?
-200101000213
In base 16, what is -85 - -38c266?
38c1e1
In base 3, what is 222200102 + 2020112?
1001220221
In base 8, what is 532 - 357334?
-356602
In base 15, what is 8096 - -1818?
98ae
In base 13, what is -1a + 745a30?
745a13
In base 11, what is 765267 + -386?
764991
In base 16, what is a + -16846e?
-168464
In base 6, what is -2 + 1541553113?
1541553111
In base 8, what is -4 - -62404163?
62404157
In base 15, what is 49c9 - 45b?
456d
In base 5, what is 31433424020 + -2?
31433424013
In base 9, what is -10767672 + 4?
-10767667
In base 15, what is 0 - 1d696c?
-1d696c
In base 11, what is -1a2a8 + 1538?
-18870
In base 10, what is -5868800 - 4?
-5868804
In base 9, what is 47 - -744374?
744432
In base 14, what is 59364 + a2?
59426
In base 11, what is -374a694 + 4?
-374a690
In base 6, what is 5 + 2440135233?
2440135242
In base 3, what is -10121010 - -200212120?
120021110
In base 12, what is 1514 + -a62?
672
In base 13, what is 25 - -2c740?
2c765
In base 2, what is -10001110101010011101010 - 11000?
-10001110101010100000010
In base 5, what is -4 - -33232040331?
33232040322
In base 9, what is 5272 - 3010?
2262
In base 7, what is 3 - -42500643?
42500646
In base 14, what is 1 - -448b73?
448b74
In base 11, what is 5074 + 90?
5154
In base 10, what is 32 - -2927981?
2928013
In base 12, what is -1 + 38178a2?
38178a1
In base 6, what is 13402 + 2405445?
2423251
In base 10, what is 59200500 + 12?
59200512
In base 7, what is 1354 - -63016?
64403
In base 10, what is -35 + -47667?
-47702
In base 2, what is 111000001000000100101 + -100110100?
111000000111011110001
In base 16, what is a - -2f5b22?
2f5b2c
In base 11, what is 7227 - 18a1?
5436
In base 16, what is 0 - -a8284?
a8284
In base 12, what is -51 - 69953?
-699a4
In base 9, what is 457871 + 5?
457876
In base 15, what is 15e - 44c6c?
-44b0d
In base 14, what is 42 - -44838?
4487a
In base 13, what is -2a5b733 - 4?
-2a5b737
In base 16, what is -69f8 + -2037?
-8a2f
In base 8, what is 5 + -21161656?
-21161651
In base 12, what is 509 + 9901?
a20a
In base 5, what is 121113 + -1240040?
-1113422
In base 4, what is -210232020232 - 1?
-210232020233
In base 6, what is -555342132 - -1?
-555342131
In base 16, what is -f - -532e1?
532d2
In base 12, what is 38077656 - -4?
3807765a
In base 16, what is d77e - e2?
d69c
In base 10, what is -15544607 - -4?
-15544603
In base 4, what is -1031310113 + -313?
-1031311032
In base 10, what is -319 + -4274?
-4593
In base 16, what is -3f7bdba - 0?
-3f7bdba
In base 5, what is 3 - -232040442?
232041000
In base 9, what is 877216 - 14?
877202
In base 14, what is -18ba - 3d3?
-1cad
In base 6, what is 20033 + 21140?
41213
In base 8, what is 55523346 - -72?
55523440
In base 13, what is 1a47 - -5c0b?
7955
In base 8, what is -46360060 - 56?
-46360136
In base 10, what is 923 + -221519?
-220596
In base 8, what is 124 - -1434311?
1434435
In base 6, what is 21424151 + -32?
21424115
In base 11, what is 5 - 63644524?
-6364451a
In base 10, what is -256996957 + -3?
-256996960
In base 11, what is 761845 - -103?
761948
In base 13, what is -1 + -28a1a93?
-28a1a94
In base 11, what is -2a336758 - -3?
-2a336755
In base 12, what is 4 - -a31a72?
a31a76
In base 12, what is -1 + -1026ab31?
-1026ab32
In base 7, what is -5 - 12521062?
-12521100
In base 4, what is 113 - 222113113332?
-222113113213
In base 9, what is -7557057 - -8?
-7557048
In base 5, what is -131 - 23001400?
-23002031
In base 4, what is -310211130 + -3?
-310211133
In base 8, what is 175 + -2057633?
-2057436
In base 6, what is -10322 - -424242?
413520
In base 8, what is 4 + 407252735?
407252741
In base 4, what is -230013 - 1301302?
-2131321
In base 4, what is -1011221300 - -1130?
-1011220110
In base 13, what is -14acc905 + 3?
-14acc902
In base 16, what is -74 - -16ff5?
16f81
In base 2, what is 100101101100101001011 + -100010?
100101101100100101001
In base 5, what is -102 - -34314104?
34314002
In base 2, what is 0 - 1110100000111110101001000?
-1110100000111110101001000
In base 16, what is -5d6999f - -1?
-5d6999e
In base 16, what is 4 - -eacfcd?
eacfd1
In base 15, what is -55be9a - -7?
-55be93
In base 10, what is 3 - 4012788?
-4012785
In base 7, what is 3560255561 - -4?
3560255565
In base 8, what is -21 + 10633372?
10633351
In base 15, what is bd - a3ac5?
-a3a07
In base 4, what is 103 + 100331?
101100
In base 14, what is a34184 + -4?
a34180
In base 7, what is -6 - -451104?
451065
In base 8, what is 4 + -12332157?
-12332153
In base 5, what is -414244330204 - -4?
-414244330200
In base 9, what is -17 + -4015384?
-4015412
In base 11, what is -9 + -21a180?
-21a189
In base 9, what is 3 - 4487121?
-4487117
In base 3, what is -102 + -1100000001100?
-1100000001202
In base 6, what is 141501332 + -1044?
141500244
In base 5, what is -110 - 40114411?
-40120021
In base 15, what is -3bbe52 - -12?
-3bbe40
In base 13, what is 2804b8 - -a?
2804c5
In base 10, what is 14 - -621411?
621425
In base 10, what is -60330 - -7517?
-52813
In base 13, what is -c804 + -870?
-10374
In base 11, what is -11 - -176191?
176180
In base 14, what is -8c6614 + -8?
-8c661c
In base 5, what is 41033102240 + 24?
41033102314
In base 10, what is -58722517 + 4?
-58722513
In base 10, what is -5 - -4663001?
4662996
In base 2, what is -100000100 + -10000010010110000?
-10000010110110100
In base 15, what is a38ab + -104?
a37a7
In base 13, what is 1 - 890b7b?
-890b7a
In base 10, what is -424 - 233338?
-233762
In base 15, what is 2 + 22a430a5?
22a430a7
In base 15, what is c026e81 + -3?
c026e7d
In base 10, what is 13 + 828598?
828611
In base 10, what is 3 + 8795193?
8795196
In base 12, what is 1636 - 326?
1310
In base 13, what is -16cc - -61850?
60151
In base 9, what is 1 - -3734418?
3734420
In base 9, what is -4 - 11774207?
-11774212
In base 6, what is -1201450 + 1403?
-1200043
In base 13, what is -12 + -472c90?
-472ca2
In base 3, what is -2210222002200010 - 1?
-2210222002200011
In base 9, what is -3 - 74668?
-74672
In base 2, what is -101011 + 1111100001111111011?
1111100001111010000
In base 12, what is 2 - -9856129?
985612b
In base 16, what is 0 + -34c40c?
-34c40c
In base 14, what is -10 + 5b51b57?
5b51b47
In base 13, what is -2290 - b9c?
-315c
In base 16, what is 179b - -9ea7?
b642
In base 16, what is -30 + -1f7e1?
-1f811
In base 6, what is 0 - -541253222?
541253222
In base 15, what is -c0958 + 1b?
-c093c
In base 6, what is 1230002255 + 2?
1230002301
In base 8, what is -1523 + -47264?
-51007
In base 16, what is -e3eea + -578?
-e4462
In base 13, what is -2169c - 172?
-21841
In base 9, what is -873735743 + 5?
-873735737
In base 9, what is -166 + 8047?
7771
In base 6, what is 0 + 34445103332?
34445103332
In base 5, what is -114202 + -1002?
-120204
In base 8, what is 4 + 13014015?
13014021
In base 3, what is -110001120121200 + 11?
-110001120121112
In base 15, what is 171 + 18ea2?
19123
In base 11, what is -31437 + -658?
-31a94
In base 14, what is -d5118 - 28b?
-d53a5
In base 15, what is 4 + 18a9a9a?
18a9a9e
In base 8, what is -45567 - 1?
-45570
In base 4, what is 1310113 + -20222010?
-12311231
In ba